o) + (-115)/(-5) prime?
False
Let r(t) = 27*t**3 + 2*t**2 - t + 2. Let a(j) = 28*j**3 + j**2 - j + 1. Let m(x) = -3*a(x) + 2*r(x). Is m(-1) composite?
False
Suppose 6*c = 2*c + 24. Suppose -c*r + 6 = -5*r. Is r prime?
False
Is 1*0/3 - -93 prime?
False
Suppose -i = -0*i - 29. Suppose -f + 60 = -i. Is f composite?
False
Let w be (-3)/(-3 + 1 + 1). Suppose w*u = -653 + 20. Is -2 - u/(-1 - -2) prime?
False
Let y(o) = -o**3 + 9*o**2 + 10. Is y(8) a prime number?
False
Let c(b) = -b**3 - 6*b**2 - 11*b - 7. Let t(n) = n**3 - 4*n**2 - 3*n + 5. Let x be t(4). Is c(x) a composite number?
True
Let x = -97 - 138. Let j = 357 + x. Suppose -2*r + 2*h = -4*r + j, r + 3*h - 53 = 0. Is r composite?
True
Suppose 13*u - 2 = 14*u, 2449 = 5*c + 3*u. Is c prime?
True
Let k = -1362 - -2359. Is k composite?
False
Let y(p) = 19*p**2 - 3*p + 2. Let h(s) = 29*s**2 - 5*s + 3. Let g(i) = -5*h(i) + 8*y(i). Is g(2) a composite number?
False
Suppose 0 = 3*p + 5*l - 543, 3*l - 362 = -2*p - 0*p. Is p prime?
True
Let t(f) = -f. Let l(r) = 33*r + 1. Let u(p) = -l(p) + 3*t(p). Is u(-4) a composite number?
True
Is 1/4 - -2*(-5043)/(-8) a prime number?
False
Suppose -6*v + 6 = -3*v. Suppose -2*t - 74 = -v*y, -1 - 1 = -t. Is y a prime number?
False
Let v be (3 + 26/(-10))*1195. Suppose -2*s + v = -0*s. Is s a composite number?
False
Suppose -r - 3*r = 5*v - 1, 0 = -v + 4*r - 19. Let t(z) = 3*z - 4 + 3*z - 4*z + 9*z**2. Is t(v) prime?
True
Suppose 4*n = 3025 + 579. Is n prime?
False
Suppose -6*n = -1371 - 1143. Is n a composite number?
False
Suppose -4*b + 4 = -2*b. Let t(c) = 2 + 5 + b*c**2 + 6*c + 1 - 6. Is t(-4) prime?
False
Let p(d) = -4*d + 19. Suppose -5*f + 58 = -a + 23, 2*a - 3*f + 42 = 0. Is p(a) prime?
True
Let l = 25 - -54. Suppose -7 = 3*k + 5, 5*k = 4*x - 36. Is x/(0 + -2) + l composite?
True
Suppose 3*h + 38 = -2*k, 46 = -4*h + 3*k - k. Let w = 19 + h. Suppose -3*u + 48 = 2*y, 0 = -4*y - w*u + 3*u + 92. Is y a prime number?
False
Let v = 1 + 4. Let y(g) = -3*g + 3*g**2 + 4*g**3 + g**3 + 0*g**3 - 4*g**3 - v. Is y(4) prime?
False
Let b(i) be the third derivative of i**6/120 - i**4/24 + 293*i**3/6 + 9*i**2. Is b(0) a composite number?
False
Let f = 0 - -4. Suppose f*o + 71 = -37. Is (-184)/(-18) + 6/o a prime number?
False
Is (-4)/1*(-907)/4 a composite number?
False
Let t = 492 - 95. Is t composite?
False
Let x be (1 + (4 - 1))*38. Let f = x + 11. Is f composite?
False
Let l(q) = 4*q**2 + 5*q - 19. Is l(6) composite?
True
Let w(t) = -t**2 + 3. Let o be w(0). Suppose 0*v - 5*v - 5 = 0, 3*v - 63 = -o*j. Is j a composite number?
True
Suppose -l = -45 - 26. Is l a prime number?
True
Let a(p) = -2*p - 1. Let k be a(-2). Suppose k*n = 107 + 70. Is n composite?
False
Let p = 6 - 2. Suppose 2*n + p*a = 0, -3*n + a = -4*a + 11. Is (n + (1 - 0))*-38 a prime number?
False
Suppose h - 422 = -h - 3*b, -5*b = 3*h - 633. Is h a prime number?
True
Let i(j) be the first derivative of 4*j**3/3 - 7*j**2/2 + 16*j - 10. Is i(7) composite?
False
Is (-30 - 1)/((-3)/3) a composite number?
False
Is (-7447)/(-9)*23 - (-38)/(-171) prime?
True
Let b(n) = -12*n + 2 + 0 + 10*n - 47*n. Is b(-8) prime?
False
Suppose 4*r - z = 1673, -3*r - 2*r = 5*z - 2110. Let q = r + -128. Suppose 4*j - 4*m + 5 - 209 = 0, 0 = -5*j - 4*m + q. Is j composite?
True
Let x(v) = v. Let y be x(4). Let z = -4 - y. Is (-133)/(-4) - (-2)/z prime?
False
Let t be 9/2 + 3/(-6). Suppose -t*w - 3*d + 272 = 0, 0*w + 2*d = -3*w + 205. Is w a composite number?
False
Let r = 79 - -6. Is r a composite number?
True
Suppose s + o - 1 = 0, s - 13 = 6*o - o. Let p(t) = 1. Let m(r) = -8*r**2 + 4*r + 7. Let w(d) = -m(d) + 6*p(d). Is w(s) a composite number?
False
Suppose -u - 4*u + 10 = 0. Suppose -u*b + 110 = 2*t - 4*b, 4*b = 3*t - 162. Is t composite?
True
Is (-552)/(-16)*(-10)/(-3) a composite number?
True
Suppose 0 = x - 2*z + 1, 5 = -5*x + 4*x + 4*z. Suppose -2*j + 321 = -a, 219 = x*j - 2*a - 260. Is j a prime number?
True
Let v = -13 - -26. Let o = 40 - v. Is 6/27 + 2613/o composite?
False
Suppose -766 = -3*p + h, -2*p + 274 = -p - 5*h. Is p composite?
True
Let s = 0 + -5. Let t = s - -10. Suppose t*v + 5 - 160 = 0. Is v a prime number?
True
Let f(j) = j**3 + 5*j**2 - 8*j - 5. Let u be f(-6). Let a = 44 - u. Suppose l - 2*l = -a. Is l a prime number?
True
Let o = -474 - -280. Is o/(-5) + (-2)/(-10) composite?
True
Suppose -r - 5504 = -5*r + 3*p, 2*r + p - 2742 = 0. Is r a composite number?
False
Suppose 0*a - 4*a = 0. Suppose a = 2*k - 8, -5*p + k + 2085 = 6*k. Is p a prime number?
False
Let k = 16 + -13. Suppose -1045 = -3*m - b - 348, -k*b + 926 = 4*m. Is m a prime number?
True
Is 4024/12*3/2 prime?
True
Let u(j) = -4*j**2 - 6*j + 2. Let z be u(-8). Let i = z - -408. Is i a composite number?
True
Let k = -1 + -10. Let b(p) = 4*p**3 - 2*p**2 - p - 2. Let a be b(2). Let r = a - k. Is r a composite number?
False
Let f = 736 + -429. Is f composite?
False
Suppose u - 2*i = -3*u + 20, 2 = u + i. Let x be 9/6*u/(-6). Let f(h) = -253*h. Is f(x) a composite number?
True
Let q(k) = -3*k**3 - 2*k**2 - k. Let d be q(-2). Let m = d - 3. Is m a prime number?
False
Suppose -4*q = q. Suppose -x = -q*x - 3. Suppose 0*u + x*z - 102 = -3*u, u = 2*z + 25. Is u a prime number?
True
Let l(x) = 2*x + 4. Let d be l(-4). Is 28/(-6)*(d + 1) prime?
False
Let p(i) = 5*i**3 - 2*i**2 + 1. Is p(1) composite?
True
Suppose 2*p = -5*g + 904, 6 - 358 = -2*g - 4*p. Let t = -11 + 8. Is (t + 2)/((-2)/g) a prime number?
False
Let o(q) = 2*q**2 + 34*q - 13. Is o(18) composite?
True
Is (-2036)/(-14) + 8/14 composite?
True
Let z(m) = -8*m**3 - 3*m**2 - 3*m - 3. Let l(x) = -2*x**3 - 3*x**2. Let q be l(-2). Suppose 4*o + 14 - 2 = 0, -q*c = -4*o - 4. Is z(c) a composite number?
True
Suppose c = 2*g + 3*g, 2*g = -2*c - 60. Let l = c - -50. Is l composite?
True
Suppose -l = 3*l - 24. Let h be (-3)/l + (-10)/(-4). Suppose h*z + 97 = 3*z. Is z prime?
True
Let u(p) be the third derivative of p**5/60 - p**4/4 + 2*p**3/3 + p**2. Let q be u(5). Is ((-9)/6)/(q/14) prime?
False
Suppose 3*v - 3*r - 24 = 9, -r - 47 = -5*v. Let o(s) = s**3 - 9*s**2 + 10*s - 11. Is o(v) prime?
True
Let x = 31 - -24. Is x prime?
False
Let v(u) = -2*u**2 + 6*u. Suppose 13 = -5*f - 3*w, -w - 10 = 4*f + 6. Let t(s) = -s**2 + s - 1. Let k(p) = f*t(p) + v(p). Is k(-4) a prime number?
False
Let y(u) = 15*u**2 - 5*u - 2. Let v be y(5). Is v/9 + (-2)/(-6) composite?
True
Suppose 0 = 2*g + 1 - 7. Suppose -g*v - 2*h + 7*h + 20 = 0, 16 = 5*v - 4*h. Suppose -m - 5*s - 9 = v, -4*m + 3*s + 21 = -2*m. Is m a prime number?
False
Let w(t) = t. Let q(u) = 5*u**2 + 1. Let f(s) = q(s) - 2*w(s). Let z be f(1). Suppose -z*g + 130 = g. Is g a prime number?
False
Suppose r - 609 = 3*v, -2*v - 2 = -0*v. Let g = r + -391. Is g a prime number?
False
Suppose 0 = -6*o + 3*o + 6. Suppose 2*h + 0*h - 104 = -o*d, 4*d - 223 = h. Is d a composite number?
True
Let i = 452 + -143. Is i composite?
True
Let h be 32/(-12)*6/(-4). Suppose -4*c - 4 = 5*l, 0 = -2*c + h*l - 5 + 29. Suppose -22 = -c*r + u + 52, 3*u = 6. Is r composite?
False
Suppose 0 = 5*m - b - 0*b + 664, -3*b = 3. Let h = -82 - m. Is h a composite number?
True
Suppose 0 = 4*g + 4*x - 5*x + 13, -2*x - 4 = 2*g. Let c be g/(-3)*3*5. Suppose y - c = 22. Is y composite?
False
Suppose -1328 = -7*s + 3*s. Suppose 0 = -7*y + 3*y + s. Is y a composite number?
False
Let q(l) = -l**2 - 3*l - 2. Let f(a) = a**2 + a + 1. Let n(w) = 3*f(w) + q(w). Let m be n(-4). Suppose 5*v = 5*b - 180, 3*v - m = -b + 7. Is b a prime number?
True
Let k = 4 + -2. Suppose -7*u + k*u = -315. Suppose 0 = -5*x + 122 + u. Is x composite?
False
Let h(w) = w**2 - 2*w. Let n be h(2). Suppose -c + 51 = b, -149 = -3*b - 5*c - n*c. Is b a composite number?
False
Let y(o) be the third derivative of -2*o**2 - 1/120*o**6 + 0*o + 1/24*o**4 + 19/6*o**3 - 1/60*o**5 + 0. Is y(0) a composite number?
False
Suppose 0 = -5*p - 2*c + 5 + 59, 3*p - 34 = c. Suppose 3*i + 3*q - p = 0, q = 4*i - q - 16. Suppose b - i*b + 345 = 0. Is b prime?
False
Suppose 0 = 2*j + 6, -3*j - 12 = -5*w + 12. Suppose -w*f = -233 - 322. Is f a prime number?
False
Let y = 31 - 19. Let f = y - -84. Suppose d + f = 4*z, z = 4*z + 5*d - 95. Is z composite?
True
Is -2 - 4 - -3 - -892 a prime number?
False
Let d be (-27)/(-6) + 2/(-4). Suppose -d*l = -2*u + 38, 5